housands digit of 25015784?
1
What is the ten thousands digit of 297938?
9
What is the units digit of 167479?
9
What is the hundreds digit of 351172?
1
What is the units digit of 2024321?
1
What is the millions digit of 3346331?
3
What is the tens digit of 5095216?
1
What is the ten thousands digit of 22546667?
4
What is the units digit of 1117479?
9
What is the tens digit of 2070443?
4
What is the thousands digit of 108908?
8
What is the thousands digit of 183488?
3
What is the ten thousands digit of 536227?
3
What is the hundred thousands digit of 445806?
4
What is the thousands digit of 235343?
5
What is the tens digit of 1211060?
6
What is the hundred thousands digit of 3423381?
4
What is the units digit of 548418?
8
What is the thousands digit of 1057672?
7
What is the tens digit of 2549341?
4
What is the hundred thousands digit of 8275922?
2
What is the tens digit of 1474768?
6
What is the millions digit of 6252930?
6
What is the hundreds digit of 197407?
4
What is the thousands digit of 62572?
2
What is the hundreds digit of 700587?
5
What is the thousands digit of 806599?
6
What is the hundreds digit of 86603?
6
What is the ten thousands digit of 673871?
7
What is the ten thousands digit of 187349?
8
What is the hundreds digit of 2472667?
6
What is the units digit of 146296?
6
What is the thousands digit of 1009302?
9
What is the tens digit of 18221523?
2
What is the hundred thousands digit of 118676?
1
What is the ten thousands digit of 3680597?
8
What is the thousands digit of 14400426?
0
What is the ten thousands digit of 554719?
5
What is the units digit of 18649?
9
What is the hundred thousands digit of 942609?
9
What is the units digit of 1148362?
2
What is the hundreds digit of 76289?
2
What is the units digit of 5876177?
7
What is the tens digit of 103281?
8
What is the millions digit of 8049264?
8
What is the units digit of 4290287?
7
What is the thousands digit of 4613059?
3
What is the hundred thousands digit of 13529535?
5
What is the tens digit of 8374968?
6
What is the units digit of 5030061?
1
What is the tens digit of 20545366?
6
What is the units digit of 1965271?
1
What is the hundreds digit of 217105?
1
What is the units digit of 1032694?
4
What is the thousands digit of 213577?
3
What is the ten thousands digit of 433755?
3
What is the thousands digit of 681350?
1
What is the ten thousands digit of 255204?
5
What is the ten thousands digit of 401155?
0
What is the hundred thousands digit of 843889?
8
What is the tens digit of 4588232?
3
What is the units digit of 484826?
6
What is the hundreds digit of 2605704?
7
What is the hundred thousands digit of 1469803?
4
What is the ten thousands digit of 282882?
8
What is the hundreds digit of 27524?
5
What is the hundreds digit of 1563136?
1
What is the hundreds digit of 2284302?
3
What is the tens digit of 179349?
4
What is the hundreds digit of 65173?
1
What is the hundreds digit of 1942175?
1
What is the hundred thousands digit of 311104?
3
What is the millions digit of 8675913?
8
What is the millions digit of 2658702?
2
What is the hundreds digit of 32267584?
5
What is the units digit of 187146?
6
What is the hundreds digit of 2527?
5
What is the hundreds digit of 631380?
3
What is the ten thousands digit of 437088?
3
What is the ten thousands digit of 18072682?
7
What is the ten thousands digit of 205269?
0
What is the ten thousands digit of 3283549?
8
What is the units digit of 158586?
6
What is the hundred thousands digit of 3573015?
5
What is the hundred thousands digit of 853425?
8
What is the hundreds digit of 937209?
2
What is the thousands digit of 17718?
7
What is the units digit of 1489861?
1
What is the tens digit of 1885319?
1
What is the millions digit of 7120237?
7
What is the tens digit of 9666?
6
What is the units digit of 3128176?
6
What is the hundred thousands digit of 2521066?
5
What is the thousands digit of 19592515?
2
What is the units digit of 1346400?
0
What is the ten thousands digit of 78262?
7
What is the ten thousands digit of 553431?
5
What is the ten thousands digit of 6803843?
0
What is the hundred thousands digit of 268086?
2
What is the hundred thousands digit of 865113?
8
What is the units digit of 2705942?
2
What is the millions digit of 19932138?
9
What is the tens digit of 36387009?
0
What is the thousands digit of 15276?
5
What is the units digit of 9045050?
0
What is the units digit of 343217?
7
What is the ten thousands digit of 424411?
2
What is the tens digit of 1883493?
9
What is the millions digit of 1029548?
1
What is the units digit of 980105?
5
What is the millions digit of 2119143?
2
What is the ten millions digit of 21286845?
2
What is the ten thousands digit of 244255?
4
What is the millions digit of 5476516?
5
What is the millions digit of 2464116?
2
What is the tens digit of 28059528?
2
What is the units digit of 7524597?
7
What is the ten thousands digit of 31402?
3
What is the ten thousands digit of 20195287?
9
What is the units digit of 86757?
7
What is the hundreds digit of 4354704?
7
What is the millions digit of 2115326?
2
What is the millions digit of 32379116?
2
What is the ten thousands digit of 3474919?
7
What is the hundred thousands digit of 1258997?
2
What is the hundred thousands digit of 924045?
9
What is the units digit of 18415676?
6
What is the units digit of 364454?
4
What is the hundreds digit of 179121?
1
What is the tens digit of 3360366?
6
What is the ten thousands digit of 2385150?
8
What is the thousands digit of 323227?
3
What is the units digit of 1287470?
0
What is the ten thousands digit of 115744?
1
What is the ten thousands digit of 504649?
0
What is the tens digit of 42745819?
1
What is the hundred thousands digit of 6466274?
4
What is the tens digit of 742256?
5
What is the hundreds digit of 4654973?
9
What is the hundreds digit of 3051593?
5
What is the millions digit of 2796043?
2
What is the units digit of 757340?
0
What is the tens digit of 18905519?
1
What is the units digit of 78806?
6
What is the units digit of 180742?
2
What is the tens digit of 8850513?
1
What is the thousands digit of 66388?
6
What is the hundreds digit of 101999?
9
What is the thousands digit of 172576?
2
What is the hundred thousands digit of 799303?
7
What is the ten thousands digit of 163267?
6
What is the ten thousands digit of 17573734?
7
What is the units digit of 1010838?
8
What is the hundreds digit of 7282948?
9
What is the hundreds digit of 40933360?
3
What is the thousands digit of 7894254?
4
What is the units digit of 324215?
5
What is the units digit of 3091359?
9
What is the thousands digit of 89264?
9
What is the units digit of 109633?
3
What is the hundred thousands digit of 166893?
1
What is the units digit of 6514707?
7
What is the millions digit of 4827201?
4
What is the tens digit of 6663?
6
What is the tens digit of 1240295?
9
What is the ten thousands digit of 4267013?
6
What is the ten thousands digit of 260871?
6
What is the hundreds digit of 160103?
1
What is the thousands digit of 960790?
0
What is the units digit of 178388?
8
What is the units digit of 235016?
6
What is the thousands digit of 2200905?
0
What is the thousands digit of 982389?
2
What is the ten thousands digit of 168329?
6
What is the ten millions digit of 26502921?
2
What is the tens digit of 3261303?
0
What is the tens digit of 1335964?
6
What is the ten thousands digit of 4851052?
5
What is the hundred thousands digit of 128089?
1
What is the hundreds digit of 7050721?
7
What is the ten thousands digit of 2212085?
1
What is the millions digit of 7208754?
7
What is the ten thousands digit of 45005?
4
What is the tens digit of 2515014?
1
What is the hundreds digit of 1678191?
1
What is the units digit of 365362?
2
What is the millions digit of 1509051?
1
What is the hundred thousands digit of 17446344?
4
What is the hundred thousands digit of 2055830?
0
What is the hundreds digit of 182381?
3
What is the hundreds digit of 190937?
9
What is the tens digit of 4955745?
4
What is the hundreds digit of 257132?
1
What is the tens digit of 7807720?
2
What is the units digit of 22761419?
9
What is the thousands digit of 17471004?
1
What is the units digit of 462615?
5
What is the units digit of 277784?
4
What is the t